= m + 4. Calculate y(f).
-4
Let k = -69 - -77. Let d(g) = -g**2 + 5*g + 26. Let u be d(k). Let b(s) = 5*s**3 + 29*s**2 - 30*s**u - 6*s**3 + 18. Give b(0).
18
Let m = 33 - 28. Suppose 5*t + 16 = t, -13 = q + m*t. Suppose 0*y = -q*y + 21. Let h(w) = -6*w + 1. Determine h(y).
-17
Let i(u) = u**2 + 25*u - 80. Let h(f) = -f**3 - 18*f**2 - 15*f + 6. Let b be h(-17). Let s be i(b). Let x(p) = p**2 + 2*p - 6. Give x(s).
18
Let m(o) be the first derivative of 3*o + 1/4*o**4 + o**2 - 5/3*o**3 + 47. Determine m(5).
13
Let t(k) = 3*k + 4. Let n be 4/(-16) - (3 - 27/12). Let b be (2 + 7)*(2/6)/n. What is t(b)?
-5
Suppose -6*k + 22 = 370. Let a = k - -66. Let g(f) = -f**3 + 8*f**2 - 8. Determine g(a).
-8
Let k(t) = t**3 - 6*t**2 + 8*t - 6. Suppose 588*d - 517*d - 213 = 0. What is k(d)?
-9
Let j(g) be the second derivative of g**5/20 + g**4/12 + 2*g**2 - g. Let m(a) = -6 + 14 + 1 - 5 - 5. Let b(r) = -j(r) - 2*m(r). What is b(-2)?
2
Let s(b) be the second derivative of b**3/6 - b**2 + 5*b. Let r(c) = 3*c**2 - 20*c + 1. Let a be r(7). Let k(q) = -3*q + 20. Let f be k(a). What is s(f)?
-6
Let t(v) be the second derivative of v**3/3 + v**2 + 1355*v - 51. Suppose 8 - 1 = n - 2*h, -3*h - 15 = 0. Determine t(n).
-4
Let b(x) = 2*x**2 + 12*x - 121. Let d be b(6). Let f(q) = q - 6. Give f(d).
17
Let m(q) be the second derivative of -11*q + 0 - 1/2*q**3 + 3/2*q**2. Suppose 0 = -12*d - 0*d + 24. Give m(d).
-3
Let r(m) be the third derivative of -7*m**4/24 - m**3/6 - 3*m**2 + m - 70. Let a(w) = w**3 + 7*w**2 + 8*w + 9. Let u be a(-6). Determine r(u).
20
Suppose -t - 2*l = 0, -43 - 1 = -5*t + l. Let p(q) = q**2 - 10*q + 11. What is p(t)?
-5
Let o be 16/(-10) - 2/5. Let q(l) = 122*l - 165. Let d(p) = -101*p + 137. Let t(z) = 6*d(z) + 5*q(z). Determine t(o).
-11
Let w(n) = -1512 - n**2 - 4*n + 1514 + 0*n. Let s(l) = l**2 + 4*l - 2. Suppose 2*m = 3*m + 6. Let y(p) = m*s(p) - 5*w(p). Determine y(-6).
-10
Let y be (0 - -2) + -4 + 0. Let a(v) = -6*v**3 + 10*v**2 - 172*v + 3. Let l(t) = 3*t**3 - 6*t**2 + 98*t - 2. Let m(o) = -4*a(o) - 7*l(o). Calculate m(y).
-18
Let i(q) = 2*q**2 - 5*q - 3. Let w = 6762 - 6756. Determine i(w).
39
Let k = 87 + -80. Suppose 3*b - 4*f = 7, -k*b + 11*b + 4*f - 56 = 0. Suppose -b*g = g - 50. Let q(h) = -3*h + 2. Give q(g).
-13
Let b(m) = -m**3 + 9*m**2 + 16. Suppose -100 + 325 = 25*w. Determine b(w).
16
Let g(k) = -2*k**3 - 14*k**2 - 3*k + 3. Let v(a) = 11*a**3 + 83*a**2 + 17*a - 16. Let b(l) = -6*g(l) - v(l). Let d be 2/(-6) + 10/(-6). Determine b(d).
-8
Suppose 1 = -4*s - 27. Let l be (-927)/(-721) - (12/s - -2). Let v(w) = 15*w. What is v(l)?
15
Suppose 0 = 5*q + k - 1523, -k - 2*k + 1214 = 4*q. Suppose 11*d = 80 + q. Let w be d/(-11) + 32/176. Let i(m) = m + 6. Calculate i(w).
3
Suppose -2*u = -8 + 4. Let j(v) = 2*v**u - v**2 - 2 + 2 + 1. Let k(h) = -8*h**2 - 2*h + 3. Let a(q) = 2*j(q) - k(q). What is a(1)?
11
Let g = 781 + -784. Let f(m) = 3*m**2 + 17*m + 5. What is f(g)?
-19
Let a(k) = k**2 - 2*k. Let u be 94/30 - 2/15. Let m be a(u). Let j(w) = -6*w**m - 2*w**3 + 7*w**3 + 5 - 3 + w**2. Give j(-2).
14
Let a(g) = -46*g**3 + 9*g**2 + 6*g - 17. Let r(m) = -30*m**3 + 6*m**2 + 4*m - 11. Let c(i) = -5*a(i) + 8*r(i). What is c(1)?
-8
Suppose -3*i + 0 = a + 17, -10 = 2*i + 2*a. Let k(u) = u**2 + 23*u + 4. What is k(i)?
-98
Let g(k) = 63*k + 126. Suppose -274*d - 168*d = 884. What is g(d)?
0
Let y(f) = f**2 + 2*f + 1. Let p(w) = -w**2 + 2*w - 9. Let q(g) = -p(g) - 3*y(g). Let v(c) = -5*c**2 - c - 2. Let h be v(-1). Give q(h).
-18
Let v(g) = 4*g**3 - 6*g**2 - 4*g - 6. Let c = 86 + -51. Let x = c - 38. Let d(k) = -7*k**3 + 11*k**2 + 8*k + 11. Let t(b) = x*d(b) - 5*v(b). What is t(-2)?
-15
Let j(s) be the first derivative of -6*s + 214 - 1/2*s**2. Determine j(-7).
1
Let v(c) = -c**2 - 10*c + 35. Let w(q) = -4*q - 97. Let h be w(-21). Determine v(h).
-4
Let u(k) = 1 - 3*k**3 - 9975*k**2 - 2 + 9970*k**2 + 3 + 4*k**3. Let i be (-1)/(((-6)/(-10))/(-3)). Give u(i).
2
Let l(j) = -j**3 - 11*j**2 + 5*j + 11. Suppose m - 241 = -4*n, -3*n - 199 = -m + 14. Let p = 214 - m. Give l(p).
-44
Let j(a) = -a**2 + 11*a + 17. Let c(w) = w**3 + 2*w**2 + 5*w + 15. Let h be c(0). Give j(h).
-43
Let h(d) = -9*d - 3. Let i(z) = -25*z + 8. Let l(q) = -12*q + 3. Let k(g) = -4*i(g) + 9*l(g). Let j(b) = 3*h(b) - 2*k(b). Give j(1).
-10
Let u(n) = -n - 2. Let z(v) = v**2 - 17*v + 1. Let f be z(19). Let l = f - 39. Let s be (3 + 0)/((-3)/2) + l. Give u(s).
0
Let x be (-1)/6 + (-13)/(-6). Suppose -x*m + 54 = -104. Let r(h) = -m*h - 5*h**2 + 4 + 74*h + 4*h**2. Determine r(-5).
4
Suppose 338*b - 330*b - 72 = 0. Let g(p) = p**2 - 9*p + 1. Calculate g(b).
1
Let i = 248 + -236. Suppose i*s + 65 = 25*s. Let v(o) = 2*o - 5. Determine v(s).
5
Let i(s) = -3*s**2 + 2*s - 5. Suppose -q + 839 - 837 = 0. What is i(q)?
-13
Let j(u) = -u**3 + 7*u**2 - 7*u + 1. Let t = -38 - -54. Suppose 0*p - 2*z = -2*p + t, -p = z - 4. Let n be p + 1/(-5)*0. Determine j(n).
-5
Let j(p) = p - 2. Let d(v) be the first derivative of -3*v**2/2 - 5*v - 4. Let o be d(0). Let n be (-2 - o) + 0 - (3 + -1). What is j(n)?
-1
Let w = -2223 + 2222. Let c(z) be the third derivative of 3*z**4/8 + z**3/3 - 4*z**2. Determine c(w).
-7
Let m = -8 + 11. Let b be ((-4)/8)/((-1)/106). Let a(r) = -94*r + 43*r + b*r. Calculate a(m).
6
Let h(a) = 65*a + 9. Suppose 17*p - 21*p + 16 = -4*u, 2*p - 11 = 5*u. What is h(u)?
-56
Let q = 648 - 628. Suppose -3*d + l + l = 10, -q = -d - 4*l. Let n(f) = -f**3 + f**2 - 2*f. What is n(d)?
0
Let w(j) = 2*j**3 + 3*j**2 + j - 8. Let z(o) = 2*o**2 - o + 2. Let p(x) = w(x) + z(x). Determine p(-3).
-15
Let b(v) = -v - 23. Let a be (6/(-12))/(10*(-9)/(-4500)). Determine b(a).
2
Let z(f) = 10*f**2 + 3*f + 2*f**3 + f**3 + 11 - 2*f**3. Suppose -83*k - 2 = -3*w - 79*k, -16*k = 5*w + 178. Determine z(w).
-19
Suppose 2*c + 0*r - 3*r - 31 = 0, 4*c - 69 = -r. Let y(t) = -t**3 + 16*t**2 + 18*t - 21. Let q be y(c). Let f(k) = -3*k - 1 + 4*k - 1. Determine f(q).
-6
Let l(d) = -2*d - 107*d**2 + 115*d**2 + 42*d**2 + 8*d**2. What is l(-1)?
60
Let x = -8 + 8. Let h(v) be the first derivative of -v**3/6 - 7*v**2/2 + 10*v - 4. Let q(t) be the first derivative of h(t). Determine q(x).
-7
Let q(g) = 21*g**3 - 1. Let j = -123 - -49. Suppose 4*k - 225 = k + 5*l, l = 2*k - 150. Let b = j + k. Give q(b).
20
Suppose 4*o - m + 14 = -3*m, 0 = 3*o + 5*m - 7. Let p(z) be the first derivative of -5/2*z**2 - 3*z - 1/3*z**3 - 27. Determine p(o).
-9
Let t(m) = -15*m + 0*m - 883 + 1214 - 560. Calculate t(-15).
-4
Let h(s) = s**2 + s - 6. Suppose 0 = 5*l - 26 + 16. Let a be 7/14 - (-11)/l. Suppose 3*q + 45 = -a*q. Determine h(q).
14
Let l(w) = -w**3 + 10*w**2 + 11*w - 2. Suppose -s + 0*x = -2*x - 5, 5*x + 14 = 2*s. Let f be 11/((-28)/(-7) + s). What is l(f)?
-2
Let a(g) = 13*g - 2. Let y(m) = 23*m - 5. Let j(q) = -7*a(q) + 4*y(q). Suppose 23*n = 26*n - 15. Give j(n).
-1
Let i = 132 + -130. Let a be 0*(i + (6 - (-100)/(-12))). Let h(b) = b**3 - b**2 + 1. What is h(a)?
1
Let t(x) be the second derivative of -4*x**2 + 7/12*x**4 + 0 - 2/3*x**3 - 1/20*x**5 - 60*x. Calculate t(6).
4
Suppose 0 = 176*y + 329*y + 3*y - 2540. Let q(t) = -3*t**2 + 4*t - 2. What is q(y)?
-57
Let x(d) = d**3 + 17*d**2 + 16*d - 13. Let v(y) = 3*y - 10. Let g be v(4). Suppose 3*s - j + 71 = 22, -j = -g*s - 33. Determine x(s).
-13
Suppose 4*l + 5*i - i + 4 = 0, 2*l - 4*i - 4 = 0. Let a = l + -8. Let y(o) be the first derivative of -o**4/4 - 3*o**3 - 9*o**2/2 - 11*o - 51. Determine y(a).
-3
Let f(x) = -x - 1. Suppose 0 = -2*u + u + 23. Suppose 5*s + 4*n = 4*s + 13, -3*s + u = 4*n. Let o be (-16)/2*s*(-4)/(-40). Calculate f(o).
3
Suppose -19*m = -144*m - 250. Let i(t) = 2*t**3 + 8*t**2 + 4*t + 3. What is i(m)?
11
Let o(q) = -q**2 - 5*q + 10. Suppose -5*v + 2*v + 33 = 0. Suppose 2*m + 24 = -4*z, 5*z + v*m + 39 = 13*m. Determine o(z).
-4
Let c be (-9)/27 - (-14)/(-3). Let f be 2/(-4)*(1 + -5). Let s(h) = h**2 + 3*h - 6. Let i(n) = -4*n**2 - 11*n + 25. Let v(m) = f*i(m) + 9*s(m). Calculate v(c).
-4
Let n = -30432 + 304321/10. Let r(x) be the second derivative of -n*x**5 - 1/12*x**4 + 0*x**2 + 0 + 1/6*x**3 + 14*x. Calculate r(-2).
10
Let p(s) = 22*s - 6 + 32*s - 52*s. Let a(z) = 2*z - 9. Let g(x) = -2*a(x) + 3*p(x). What is g(4)?
8
Let d be ((-16)/40)/(-2 + (-36)/(-15)). Let v b